) + d(l). Let f be j(5). Calculate the highest common factor of f and 30.
10
Let t be 12 + -14 + 7 - -51. What is the greatest common factor of 154 and t?
14
Let x(d) = d**2 + 11*d - 96. Let i be x(-18). What is the highest common factor of 45 and i?
15
Suppose 2*v - 21 - 657 = 0. Let m = -543 + v. Let h = -132 - m. Calculate the highest common factor of h and 8.
8
Suppose -3*n - p + 798 = 0, -p - 262 = -5*n + 4*n. Let x = -9 + 11. Suppose 85 = -x*y + n. What is the highest common factor of 60 and y?
30
Let c be (-124)/(-16) + (-70)/40. Calculate the greatest common factor of 4 and c.
2
Suppose 757 = 2*x + 481. What is the highest common factor of x and 92?
46
Let y be (-9 + 8)/(1/26). Let h = y - -34. Calculate the highest common factor of h and 1.
1
Let b(t) be the third derivative of 1/24*t**4 + 0 + 11/6*t**3 + 0*t - 5*t**2. Let h be b(-10). What is the highest common divisor of h and 11?
1
Suppose 0 = -4*l + 3*q + 16691, 0 = 2*l + 3*q - 4*q - 8345. What is the highest common factor of 28 and l?
28
Let h be (-4 - -6)/(4/(-14)). Let s = h - -28. What is the greatest common divisor of 14 and s?
7
Suppose -3*y + 6*y + 33 = 0. Let p = -11 - y. Suppose p = c + 2*c - 12. What is the highest common divisor of c and 32?
4
Suppose -13*k + 546 = -988. What is the highest common divisor of k and 3658?
118
Let z = 31 - 19. Suppose z = 4*d - 8. Suppose 2*k = 44 + 6. What is the highest common divisor of k and d?
5
Suppose 8*d - 2090 - 822 = 0. What is the highest common factor of 52 and d?
52
Let k(n) = 104*n**3 + n**2 - 1. Let i be k(1). Let h = 761 - 735. Calculate the greatest common factor of i and h.
26
Let j(o) = -5*o**2 + 41*o + 10. Let s be j(8). Calculate the highest common divisor of 306 and s.
18
Suppose -3*m + 115 = -4*l + 9*l, 2*m = 4*l - 92. Let v be l - (-1 + (-4 - 0 - -2)). Calculate the highest common factor of v and 26.
26
Let x = 151 - 134. Suppose r + 2*o = x, -2*r + 29 + 7 = 2*o. What is the greatest common factor of r and 76?
19
Let g be ((-3)/6)/((-3)/12). Let f = 6 - g. Suppose 177 = f*j + 1. What is the greatest common divisor of 4 and j?
4
Let r(a) = -19*a**2 - 29*a**3 + 10*a**3 - 18*a + 10*a**3 + 10*a**3 - 16. Let y be r(20). Calculate the highest common divisor of y and 36.
12
Let q = 365 + -181. Suppose 47*o + 460 = 67*o. What is the highest common factor of o and q?
23
Let v = 1878 - 1426. Calculate the highest common factor of 8 and v.
4
Suppose -22*y = 5083 - 13663. Calculate the greatest common factor of y and 120.
30
Suppose 2*k - 33 = 21. Suppose -3*a + 630 = -0*a + 3*y, -631 = -3*a - 2*y. Suppose -643 + a = -8*v. What is the highest common factor of k and v?
27
Let h = -7 + 15. Suppose -5*s + 6 = 2*z + 13, 0 = -5*s - 4*z - 9. Let v be h/((-45)/(-39) + s). Calculate the highest common factor of 26 and v.
26
Let u be (3588/1248)/(2/16). Let k be (-2)/(-3) + (-1443)/(-9). What is the greatest common divisor of k and u?
23
Let z = -79 - -144. Suppose k - z = -5*j - 5, 40 = k + j. Suppose x - 6 = -1. Calculate the greatest common factor of k and x.
5
Suppose l + 5*p = 45, -4*p + 102 = l + 2*l. What is the greatest common factor of l and 250?
10
Let f(g) = g**2 + g**3 - 14 + 5*g**2 + 6*g**2 - 2*g. Let n be f(-12). Let i be (-6)/8 + (-3544)/(-32). What is the highest common factor of i and n?
10
Let f = 240 - 162. Let v(x) = x**3 - 5*x**2 - 10*x - 2. Let z be 14/4*(-8 + 10). Let s be v(z). Calculate the highest common divisor of s and f.
26
Suppose 0 = -8*x + 33003 - 3347. Calculate the greatest common factor of 11 and x.
11
Let q be 165/9 + 2/(-6). Suppose 24*g + 5184 = 72*g. What is the greatest common factor of g and q?
18
Let s be 18/99 - (-31)/11. Suppose 2*m + 8 = 5*c, 0*c + 5*c - 12 = s*m. Let w(g) = g**2 - g + 216. Let d be w(c). What is the highest common factor of d and 24?
24
Let o(a) be the third derivative of -a**4/12 - 3*a**3/2 - 10*a**2. Let b be o(-9). Calculate the highest common factor of 1 and b.
1
Let o(k) be the first derivative of 35*k**4/4 + k**3/3 + k**2/2 - k + 21. Let n be o(1). What is the highest common factor of 324 and n?
36
Let t = -157 + 93. Let q be (t/112)/((-2)/28). What is the highest common divisor of q and 4?
4
Let a(i) = 34*i**2 - 7*i + 6. Let j be a(1). What is the highest common factor of 39 and j?
3
Let b(l) = -3*l**3 - 2*l**2 + l - 1. Let v be b(-2). Let q(i) = 33*i - 2371. Let g be q(75). Calculate the highest common divisor of v and g.
13
Suppose -3*q = 4*z - 9, 4*z + 3*q = 7*z - 33. Let k be 13/3 - 5 - (-58)/z. What is the greatest common factor of 18 and k?
9
Let d(s) = 6*s + 1. Let x be d(-3). Let g be (-1)/((-189)/(-93) - 2). Let r = x - g. What is the highest common factor of 7 and r?
7
Suppose 0 = -257*c + 258*c - 38. What is the highest common divisor of 133 and c?
19
Let k = -360 + 368. Calculate the greatest common divisor of k and 14.
2
Let c = -380 - -386. What is the greatest common divisor of 69 and c?
3
Let d = -33 + 35. Suppose -94 - 170 = -d*t. Calculate the highest common divisor of 12 and t.
12
Let q = -28 + 30. Let a be (q/(-3))/((-10)/360). Suppose 0 = -2*u + 4*u - 96. What is the greatest common divisor of u and a?
24
Let n be (-2)/(-9) + (-476)/(-126). Let a be 4 - 1 - -23 - n. What is the highest common divisor of a and 66?
22
Suppose -184*d = -197*d + 507. Calculate the highest common divisor of 1677 and d.
39
Suppose 6*g - 16 = 2*g. Let x(n) = -3*n + 14. Let w be x(g). Suppose 20 = 5*p + 5*z, 0*z - 3*z + 17 = 4*p. What is the highest common divisor of w and p?
1
Suppose -4*p - i + 127 = 0, -23*p + 2*i = -27*p + 126. What is the greatest common divisor of p and 160?
32
Let p be 224/(-168) - (2 + 795/(-9)). What is the greatest common divisor of p and 65?
5
Suppose -4*n - 3*j + 92 = j, 121 = 5*n + 3*j. Let i = -38 + n. Let x = 3 - i. Calculate the greatest common factor of x and 120.
15
Suppose 27*d + f = 25*d + 456, 0 = d + 5*f - 210. Calculate the greatest common factor of 20 and d.
10
Let g(u) = -u**3 + 15*u**2 + 2*u - 49. Let m be g(6). Calculate the greatest common factor of 164 and m.
41
Suppose 3*p = -2*x + 192, 3*x = -2*x. Let y = -47 + p. Calculate the highest common divisor of y and 17.
17
Let c(u) = -u**2 - 6*u - 4. Let r be c(-4). Let y be (-1)/(285/72 - r). Calculate the greatest common factor of y and 168.
24
Suppose 6*v - 218 + 92 = 0. What is the highest common divisor of 3 and v?
3
Let s(q) = 149*q - 12. Let y be s(3). What is the highest common factor of 58 and y?
29
Let g = 1 - -4. Suppose -184*z = -186*z + 90. What is the greatest common divisor of g and z?
5
Let y(q) = q + 15. Let f be y(-18). Let u be 36/1*(-1)/f. What is the highest common factor of 60 and u?
12
Let i = -8 + 11. Let q = -268 - -395. Let g be (-6)/(0 + i) + q. What is the highest common divisor of 25 and g?
25
Let d = 23 - 13. Suppose -7*g - 4*m = -2*g - 91, g + 1 = 4*m. What is the greatest common factor of g and d?
5
Let d be 210/98 - (-1)/(-7). Let z be (-75)/(-10) + d/4. Let m(n) = n**3 + 13*n**2 + 8. Let y be m(-13). What is the highest common divisor of y and z?
8
Suppose -2*n = 3*q - 1232, 0*n - 3*n = -12. Calculate the greatest common divisor of q and 51.
51
Suppose 0 = 4*g + 3*q + 2*q - 41, 2*q + 6 = 0. Let h be (-226)/(-8) - (-15)/(-50)*(-10)/(-12). Calculate the greatest common divisor of h and g.
14
Suppose 3*s = 2*s + 4. Let p = 8 - s. Suppose -g + 2 = -2*n - 18, 44 = p*g + 4*n. Calculate the highest common factor of g and 112.
14
Let b(w) = 18*w - 10. Let s be b(7). Let j = s - 14. Let i = -57 + j. Calculate the highest common factor of i and 9.
9
Let u(n) = 14*n**2 + 9*n + 7. Let t be u(-3). What is the highest common divisor of t and 53?
53
Suppose -55*w = -27570 + 2930. What is the highest common factor of w and 320?
64
Let d = -183 - -513. Calculate the highest common factor of 132 and d.
66
Let b be 2/((-4)/(-7)*28/24). Suppose -4*f + 676 = 5*d, -5*f = -b*d + 330 - 1138. Let j = -30 + 71. Calculate the greatest common divisor of j and f.
41
Let r be (8/(-1))/(8 - 1205/150). What is the greatest common factor of r and 15?
15
Suppose n + 7 = -0*g - g, 4*n - 26 = 2*g. Let m = 12 + g. Suppose 4*b - 131 = 5*l, m*b - l = -3*l + 104. Calculate the greatest common factor of 17 and b.
17
Let o be (-26)/(-12) + (-1)/6. Suppose -5*s + 3*v + 231 = 0, -5*s = 